{"id":125,"date":"2023-10-16T22:51:24","date_gmt":"2023-10-16T20:51:24","guid":{"rendered":"https:\/\/melofleurs.fr\/?page_id=125"},"modified":"2023-11-30T17:04:30","modified_gmt":"2023-11-30T16:04:30","slug":"fleurs-sechees","status":"publish","type":"page","link":"https:\/\/melofleurs.fr\/index.php\/fleurs-sechees\/","title":{"rendered":"Fleurs s\u00e9ch\u00e9es"},"content":{"rendered":"\n<div style=\"max-width:810px; margin-left: auto;margin-right: auto;\">\n\n\n\n<div class=\"wp-block-media-text is-stacked-on-mobile\" style=\"grid-template-columns:22% auto\"><figure class=\"wp-block-media-text__media\"><img loading=\"lazy\" decoding=\"async\" width=\"1024\" height=\"1024\" src=\"https:\/\/melofleurs.fr\/wp-content\/uploads\/2023\/11\/xhrKupeqnts4-4-1024x1024.png\" alt=\"\" class=\"wp-image-506 size-full\" srcset=\"https:\/\/melofleurs.fr\/wp-content\/uploads\/2023\/11\/xhrKupeqnts4-4-1024x1024.png 1024w, https:\/\/melofleurs.fr\/wp-content\/uploads\/2023\/11\/xhrKupeqnts4-4-300x300.png 300w, https:\/\/melofleurs.fr\/wp-content\/uploads\/2023\/11\/xhrKupeqnts4-4-150x150.png 150w, https:\/\/melofleurs.fr\/wp-content\/uploads\/2023\/11\/xhrKupeqnts4-4-768x768.png 768w, https:\/\/melofleurs.fr\/wp-content\/uploads\/2023\/11\/xhrKupeqnts4-4-100x100.png 100w, https:\/\/melofleurs.fr\/wp-content\/uploads\/2023\/11\/xhrKupeqnts4-4.png 1080w\" sizes=\"auto, (max-width: 767px) 89vw, (max-width: 1000px) 54vw, (max-width: 1071px) 543px, 580px\" \/><\/figure><div class=\"wp-block-media-text__content\">\n<p><strong>Bienvenue dans le monde \u00e9ternelle des fleurs s\u00e9ch\u00e9es<\/strong><\/p>\n\n\n\n<p>Dans l&#8217;univers enchanteur des fleurs s\u00e9ch\u00e9es, pour une beaut\u00e9 \u00e9ternelle fig\u00e9e dans le temps. Notre petite boutique de fleurs, dirig\u00e9e avec passion par une fleuriste experte, vous invite \u00e0 d\u00e9couvrir la magie intemporelle des arrangements floraux qui transcendent les saisons. Chaque cr\u00e9ation est soigneusement confectionn\u00e9e \u00e0 la main, capturant la d\u00e9licatesse et l&#8217;\u00e9l\u00e9gance des fleurs \u00e0 leur apog\u00e9e.<\/p>\n<\/div><\/div>\n\n\n\n<div style=\"height:40px;\"><\/div>\n\n\n\n<div class=\"wp-block-media-text has-media-on-the-right is-stacked-on-mobile\" style=\"grid-template-columns:auto 23%\"><div class=\"wp-block-media-text__content\">\n<p><strong>Des cr\u00e9ations uniques \u00e0 chaque bouquet<\/strong><\/p>\n\n\n\n<p>Explorez notre collection unique de bouquets de fleurs s\u00e9ch\u00e9es, o\u00f9 chaque composition raconte une histoire po\u00e9tique. Que ce soit pour offrir un cadeau m\u00e9morable, ajouter une touche d&#8217;authenticit\u00e9 \u00e0 votre int\u00e9rieur, ou simplement pour c\u00e9l\u00e9brer la nature dans toute sa splendeur, nos fleurs s\u00e9ch\u00e9es sont des cr\u00e9ations \u00e9ternelles . Chaque p\u00e9tale et feuille, soigneusement pr\u00e9serv\u00e9, t\u00e9moigne de la d\u00e9licatesse \u00e9ph\u00e9m\u00e8re de la nature.<\/p>\n<\/div><figure class=\"wp-block-media-text__media\"><img loading=\"lazy\" decoding=\"async\" width=\"1024\" height=\"1024\" src=\"https:\/\/melofleurs.fr\/wp-content\/uploads\/2023\/11\/xhrKupeqnts4-10-1024x1024.png\" alt=\"\" class=\"wp-image-523 size-full\" srcset=\"https:\/\/melofleurs.fr\/wp-content\/uploads\/2023\/11\/xhrKupeqnts4-10-1024x1024.png 1024w, https:\/\/melofleurs.fr\/wp-content\/uploads\/2023\/11\/xhrKupeqnts4-10-300x300.png 300w, https:\/\/melofleurs.fr\/wp-content\/uploads\/2023\/11\/xhrKupeqnts4-10-150x150.png 150w, https:\/\/melofleurs.fr\/wp-content\/uploads\/2023\/11\/xhrKupeqnts4-10-768x768.png 768w, https:\/\/melofleurs.fr\/wp-content\/uploads\/2023\/11\/xhrKupeqnts4-10-100x100.png 100w, https:\/\/melofleurs.fr\/wp-content\/uploads\/2023\/11\/xhrKupeqnts4-10.png 1080w\" sizes=\"auto, (max-width: 767px) 89vw, (max-width: 1000px) 54vw, (max-width: 1071px) 543px, 580px\" \/><\/figure><\/div>\n\n\n\n<div style=\"height:40px;\"><\/div>\n\n\n\n<div class=\"wp-block-media-text is-stacked-on-mobile\" style=\"grid-template-columns:23% auto\"><figure class=\"wp-block-media-text__media\"><img loading=\"lazy\" decoding=\"async\" width=\"1024\" height=\"1024\" src=\"https:\/\/melofleurs.fr\/wp-content\/uploads\/2023\/11\/xhrKupeqnts4-11-1024x1024.png\" alt=\"\" class=\"wp-image-526 size-full\" srcset=\"https:\/\/melofleurs.fr\/wp-content\/uploads\/2023\/11\/xhrKupeqnts4-11-1024x1024.png 1024w, https:\/\/melofleurs.fr\/wp-content\/uploads\/2023\/11\/xhrKupeqnts4-11-300x300.png 300w, https:\/\/melofleurs.fr\/wp-content\/uploads\/2023\/11\/xhrKupeqnts4-11-150x150.png 150w, https:\/\/melofleurs.fr\/wp-content\/uploads\/2023\/11\/xhrKupeqnts4-11-768x768.png 768w, https:\/\/melofleurs.fr\/wp-content\/uploads\/2023\/11\/xhrKupeqnts4-11-100x100.png 100w, https:\/\/melofleurs.fr\/wp-content\/uploads\/2023\/11\/xhrKupeqnts4-11.png 1080w\" sizes=\"auto, (max-width: 767px) 89vw, (max-width: 1000px) 54vw, (max-width: 1071px) 543px, 580px\" \/><\/figure><div class=\"wp-block-media-text__content\">\n<p><strong>Pr\u00e9servez la beaut\u00e9 naturelle \u00e0 travers le temps<\/strong><\/p>\n\n\n\n<p>Au-del\u00e0 de leur beaut\u00e9 visuelle, nos fleurs s\u00e9ch\u00e9es incarnent une approche \u00e9cologique et durable de la floraison. En choisissant des compositions s\u00e9ch\u00e9es, vous optez pour une d\u00e9coration respectueuse de l&#8217;environnement qui perdure dans le temps. Notre boutique s&#8217;engage \u00e0 offrir des cr\u00e9ations uniques et personnalis\u00e9es (sur commande), refl\u00e9tant l&#8217;essence m\u00eame de chaque saison et de chaque client.<\/p>\n<\/div><\/div>\n\n\n\n<div style=\"height:40px;\"><\/div>\n\n\n\n<p>Chez M\u00e9lo&#8217;Fleurs, nous croyons que chaque fleur a une histoire \u00e0 raconter, et chaque bouquet est une occasion de cr\u00e9er un moment magique. Explorez notre collection de fleurs s\u00e9ch\u00e9es, de bouquets personnalis\u00e9s et laissez-vous emporter par la beaut\u00e9 enchanteresse de la nature.<\/p>\n\n\n\n<\/div>\n","protected":false},"excerpt":{"rendered":"<p>Bienvenue dans le monde \u00e9ternelle des fleurs s\u00e9ch\u00e9es Dans l&#8217;univers enchanteur des fleurs s\u00e9ch\u00e9es, pour une beaut\u00e9 \u00e9ternelle fig\u00e9e dans le temps. Notre petite boutique de fleurs, dirig\u00e9e avec passion par une fleuriste experte, vous invite \u00e0 d\u00e9couvrir la magie intemporelle des arrangements floraux qui transcendent les saisons. Chaque cr\u00e9ation est soigneusement confectionn\u00e9e \u00e0 la &hellip; <\/p>\n<p class=\"link-more\"><a href=\"https:\/\/melofleurs.fr\/index.php\/fleurs-sechees\/\" class=\"more-link\">Continue reading<span class=\"screen-reader-text\"> &#8220;Fleurs s\u00e9ch\u00e9es&#8221;<\/span><\/a><\/p>\n","protected":false},"author":1,"featured_media":0,"parent":0,"menu_order":0,"comment_status":"closed","ping_status":"closed","template":"","meta":{"footnotes":""},"class_list":["post-125","page","type-page","status-publish","hentry"],"_links":{"self":[{"href":"https:\/\/melofleurs.fr\/index.php\/wp-json\/wp\/v2\/pages\/125","targetHints":{"allow":["GET"]}}],"collection":[{"href":"https:\/\/melofleurs.fr\/index.php\/wp-json\/wp\/v2\/pages"}],"about":[{"href":"https:\/\/melofleurs.fr\/index.php\/wp-json\/wp\/v2\/types\/page"}],"author":[{"embeddable":true,"href":"https:\/\/melofleurs.fr\/index.php\/wp-json\/wp\/v2\/users\/1"}],"replies":[{"embeddable":true,"href":"https:\/\/melofleurs.fr\/index.php\/wp-json\/wp\/v2\/comments?post=125"}],"version-history":[{"count":7,"href":"https:\/\/melofleurs.fr\/index.php\/wp-json\/wp\/v2\/pages\/125\/revisions"}],"predecessor-version":[{"id":538,"href":"https:\/\/melofleurs.fr\/index.php\/wp-json\/wp\/v2\/pages\/125\/revisions\/538"}],"wp:attachment":[{"href":"https:\/\/melofleurs.fr\/index.php\/wp-json\/wp\/v2\/media?parent=125"}],"curies":[{"name":"wp","href":"https:\/\/api.w.org\/{rel}","templated":true}]}}