{"id":137,"date":"2023-10-16T22:52:42","date_gmt":"2023-10-16T20:52:42","guid":{"rendered":"https:\/\/melofleurs.fr\/?page_id=137"},"modified":"2023-11-30T17:01:33","modified_gmt":"2023-11-30T16:01:33","slug":"mariages","status":"publish","type":"page","link":"https:\/\/melofleurs.fr\/index.php\/mariages\/","title":{"rendered":"Mariages"},"content":{"rendered":"\n<div style=\"max-width:810px; margin-left: auto;margin-right: auto;\">\n\n\n\n<div class=\"wp-block-media-text is-stacked-on-mobile\" style=\"grid-template-columns:21% auto\"><figure class=\"wp-block-media-text__media\"><img loading=\"lazy\" decoding=\"async\" width=\"1024\" height=\"1024\" src=\"https:\/\/melofleurs.fr\/wp-content\/uploads\/2023\/11\/xhrKupeqnts4-7-1024x1024.png\" alt=\"\" class=\"wp-image-517 size-full\" srcset=\"https:\/\/melofleurs.fr\/wp-content\/uploads\/2023\/11\/xhrKupeqnts4-7-1024x1024.png 1024w, https:\/\/melofleurs.fr\/wp-content\/uploads\/2023\/11\/xhrKupeqnts4-7-300x300.png 300w, https:\/\/melofleurs.fr\/wp-content\/uploads\/2023\/11\/xhrKupeqnts4-7-150x150.png 150w, https:\/\/melofleurs.fr\/wp-content\/uploads\/2023\/11\/xhrKupeqnts4-7-768x768.png 768w, https:\/\/melofleurs.fr\/wp-content\/uploads\/2023\/11\/xhrKupeqnts4-7-100x100.png 100w, https:\/\/melofleurs.fr\/wp-content\/uploads\/2023\/11\/xhrKupeqnts4-7.png 1080w\" sizes=\"auto, (max-width: 767px) 89vw, (max-width: 1000px) 54vw, (max-width: 1071px) 543px, 580px\" \/><\/figure><div class=\"wp-block-media-text__content\">\n<p><strong>Mariages f\u00e9eriques dans notre boutique florale<\/strong><\/p>\n\n\n\n<p>Bienvenue dans l&#8217;atelier enchant\u00e9 de notre boutique florale d\u00e9di\u00e9e aux mariages, o\u00f9 les r\u00eaves floraux prennent vie pour c\u00e9l\u00e9brer le plus beau jour de votre vie. Guid\u00e9s par la passion et l&#8217;expertise de notre talentueuse fleuriste, nous sommes honor\u00e9s de vous accompagner dans la cr\u00e9ation d&#8217;arrangements floraux qui captureront l&#8217;essence m\u00eame de votre amour. Chaque mariage est unique, et nous ferons en sorte que ce soit un moment inoubliable.<\/p>\n<\/div><\/div>\n\n\n\n<div style=\"height:40px;\"><\/div>\n\n\n\n<div class=\"wp-block-media-text has-media-on-the-right is-stacked-on-mobile\" style=\"grid-template-columns:auto 21%\"><div class=\"wp-block-media-text__content\">\n<p><strong>Cr\u00e9ations sur mesure pour un jour unique<\/strong><\/p>\n\n\n\n<p>D\u00e9couvrez notre collection inspirante de bouquets de mari\u00e9e, d&#8217;arches florales et de centres de table qui transforment chaque coin de votre c\u00e9r\u00e9monie en un tableau floral personnalis\u00e9. Chacune de nos cr\u00e9ations est fa\u00e7onn\u00e9e avec soin, mettant en valeur la fra\u00eecheur des fleurs choisies sp\u00e9cialement pour vous. Que vous r\u00eaviez d&#8217;une ambiance romantique, boh\u00e8me, ou classique, notre boutique s&#8217;engage \u00e0 rendre votre journ\u00e9e inoubliable \u00e0 travers des arrangements floraux qui racontent votre histoire d&#8217;amour.<\/p>\n<\/div><figure class=\"wp-block-media-text__media\"><img loading=\"lazy\" decoding=\"async\" width=\"1024\" height=\"1024\" src=\"https:\/\/melofleurs.fr\/wp-content\/uploads\/2023\/11\/xhrKupeqnts4-8-1024x1024.png\" alt=\"\" class=\"wp-image-519 size-full\" srcset=\"https:\/\/melofleurs.fr\/wp-content\/uploads\/2023\/11\/xhrKupeqnts4-8-1024x1024.png 1024w, https:\/\/melofleurs.fr\/wp-content\/uploads\/2023\/11\/xhrKupeqnts4-8-300x300.png 300w, https:\/\/melofleurs.fr\/wp-content\/uploads\/2023\/11\/xhrKupeqnts4-8-150x150.png 150w, https:\/\/melofleurs.fr\/wp-content\/uploads\/2023\/11\/xhrKupeqnts4-8-768x768.png 768w, https:\/\/melofleurs.fr\/wp-content\/uploads\/2023\/11\/xhrKupeqnts4-8-100x100.png 100w, https:\/\/melofleurs.fr\/wp-content\/uploads\/2023\/11\/xhrKupeqnts4-8.png 1080w\" sizes=\"auto, (max-width: 767px) 89vw, (max-width: 1000px) 54vw, (max-width: 1071px) 543px, 580px\" \/><\/figure><\/div>\n\n\n\n<div style=\"height:40px;\"><\/div>\n\n\n\n<div class=\"wp-block-media-text is-stacked-on-mobile\" style=\"grid-template-columns:22% auto\"><figure class=\"wp-block-media-text__media\"><img loading=\"lazy\" decoding=\"async\" width=\"1024\" height=\"1024\" src=\"https:\/\/melofleurs.fr\/wp-content\/uploads\/2023\/11\/xhrKupeqnts4-9-1024x1024.png\" alt=\"\" class=\"wp-image-521 size-full\" srcset=\"https:\/\/melofleurs.fr\/wp-content\/uploads\/2023\/11\/xhrKupeqnts4-9-1024x1024.png 1024w, https:\/\/melofleurs.fr\/wp-content\/uploads\/2023\/11\/xhrKupeqnts4-9-300x300.png 300w, https:\/\/melofleurs.fr\/wp-content\/uploads\/2023\/11\/xhrKupeqnts4-9-150x150.png 150w, https:\/\/melofleurs.fr\/wp-content\/uploads\/2023\/11\/xhrKupeqnts4-9-768x768.png 768w, https:\/\/melofleurs.fr\/wp-content\/uploads\/2023\/11\/xhrKupeqnts4-9-100x100.png 100w, https:\/\/melofleurs.fr\/wp-content\/uploads\/2023\/11\/xhrKupeqnts4-9.png 1080w\" sizes=\"auto, (max-width: 767px) 89vw, (max-width: 1000px) 54vw, (max-width: 1071px) 543px, 580px\" \/><\/figure><div class=\"wp-block-media-text__content\">\n<p><strong>Des arrangements qui captivent l&#8217;amour de votre mariage<\/strong><\/p>\n\n\n\n<p>L&#8217;exp\u00e9rience que nous offrons va au-del\u00e0 de la simple fourniture de fleurs. Nous nous engageons \u00e0 travailler en \u00e9troite collaboration avec vous, comprenant vos pr\u00e9f\u00e9rences et votre vision, pour cr\u00e9er des arrangements floraux qui surpassent vos attentes. Chaque p\u00e9tale devient une partie int\u00e9grante de votre histoire, ajoutant une touche florale magique \u00e0 votre journ\u00e9e sp\u00e9ciale.<\/p>\n<\/div><\/div>\n\n\n\n<div style=\"height:40px;\"><\/div>\n\n\n\n<p><strong>Si vous souhaitez faire appel a nos services pour votre mariage, vous pouvez nous contacter au 06.72.96.43.71 aux horaires d&#8217;ouverture du magasin. Chaque prestation b\u00e9n\u00e9ficie d&#8217;un devis personnalis\u00e9 et nous ferons au mieux pour nous adapter \u00e0 votre budget.<\/strong><\/p>\n\n\n\n<\/div>\n","protected":false},"excerpt":{"rendered":"<p>Mariages f\u00e9eriques dans notre boutique florale Bienvenue dans l&#8217;atelier enchant\u00e9 de notre boutique florale d\u00e9di\u00e9e aux mariages, o\u00f9 les r\u00eaves floraux prennent vie pour c\u00e9l\u00e9brer le plus beau jour de votre vie. Guid\u00e9s par la passion et l&#8217;expertise de notre talentueuse fleuriste, nous sommes honor\u00e9s de vous accompagner dans la cr\u00e9ation d&#8217;arrangements floraux qui captureront &hellip; <\/p>\n<p class=\"link-more\"><a href=\"https:\/\/melofleurs.fr\/index.php\/mariages\/\" class=\"more-link\">Continue reading<span class=\"screen-reader-text\"> &#8220;Mariages&#8221;<\/span><\/a><\/p>\n","protected":false},"author":1,"featured_media":0,"parent":0,"menu_order":0,"comment_status":"closed","ping_status":"closed","template":"","meta":{"footnotes":""},"class_list":["post-137","page","type-page","status-publish","hentry"],"_links":{"self":[{"href":"https:\/\/melofleurs.fr\/index.php\/wp-json\/wp\/v2\/pages\/137","targetHints":{"allow":["GET"]}}],"collection":[{"href":"https:\/\/melofleurs.fr\/index.php\/wp-json\/wp\/v2\/pages"}],"about":[{"href":"https:\/\/melofleurs.fr\/index.php\/wp-json\/wp\/v2\/types\/page"}],"author":[{"embeddable":true,"href":"https:\/\/melofleurs.fr\/index.php\/wp-json\/wp\/v2\/users\/1"}],"replies":[{"embeddable":true,"href":"https:\/\/melofleurs.fr\/index.php\/wp-json\/wp\/v2\/comments?post=137"}],"version-history":[{"count":8,"href":"https:\/\/melofleurs.fr\/index.php\/wp-json\/wp\/v2\/pages\/137\/revisions"}],"predecessor-version":[{"id":537,"href":"https:\/\/melofleurs.fr\/index.php\/wp-json\/wp\/v2\/pages\/137\/revisions\/537"}],"wp:attachment":[{"href":"https:\/\/melofleurs.fr\/index.php\/wp-json\/wp\/v2\/media?parent=137"}],"curies":[{"name":"wp","href":"https:\/\/api.w.org\/{rel}","templated":true}]}}